der when 19 is divided by d(-2)?
4
Let p(s) = s - 10. Let l be p(7). Let x(r) = -5*r - 4. Let w = 26 - 5. Calculate the remainder when w is divided by x(l).
10
Suppose -r = 2*i - 1 - 6, 5*r = 3*i + 74. Calculate the remainder when r is divided by 3.
1
Let l(t) = t**2 + 8*t + 21. What is the remainder when 149 is divided by l(-9)?
29
Let d be (-2)/8 + 23/(-4). Let b(f) = -f + 1. Calculate the remainder when (-218)/(-11) + 8/44 is divided by b(d).
6
What is the remainder when 26 is divided by (-2)/6 + (-3)/((-36)/112)?
8
Let f = -42 - -69. Calculate the remainder when f is divided by ((-6)/(-9))/(2/30).
7
Let l(z) = -2*z - 2 + 6*z - 2*z + 2*z**2 + 0*z. Calculate the remainder when 18 is divided by l(2).
8
Let z(m) be the first derivative of -m**4/4 + 4*m**3/3 + m**2 - 6*m - 3. Calculate the remainder when 6 is divided by z(4).
0
What is the remainder when 6/(-4)*(-60)/18 is divided by 4?
1
Let d = -11 - -18. What is the remainder when (-4)/6 - (-186)/9 is divided by d?
6
Suppose 5*n = -20, -5*n = 4*y - 4*n - 12. Suppose -192 = l - y*l. Let b(x) = 24*x**2 + 3*x + 1. What is the remainder when l is divided by b(-1)?
20
Suppose g - 15 = -h - 3*g, -60 = -4*h - 2*g. Suppose -p = 4*p + h. Calculate the remainder when p/(-2) + (-54)/(-4) is divided by 9.
6
Let k = -1 - -12. Suppose -8*q + 90 = -78. Calculate the remainder when q is divided by k.
10
Suppose -4*k - 8 = 4*h, 9*k = 5*h + 4*k + 10. Let c(f) = -8*f + 1. Let a(d) = -d**3 - d**2 - d. Calculate the remainder when c(h) is divided by a(-2).
5
Let v(f) = -f + 2. Let k be v(6). Calculate the remainder when (-91)/(-1) + k + 4 is divided by 23.
22
Suppose 125 = -2*r + 7*r. What is the remainder when r is divided by 14?
11
Let l(h) = 4*h**3 - 4*h**2 + 2. What is the remainder when 35 is divided by l(2)?
17
Suppose -2*s - s = -162. Let c be 249/(-7) - (-54)/(-126). Let i = c + s. What is the remainder when 69 is divided by i?
15
Let r(d) = d**3 + 2*d**2 + d - 2. What is the remainder when 88/2 + (2 - 1) is divided by r(2)?
13
Suppose -4*x = -9*t + 4*t + 32, 4 = 4*t + 4*x. Let r be -3 - -1 - (-4 + 2). Suppose r*b = b - 5. Calculate the remainder when b is divided by t.
1
Let p be ((-18)/21 + 0)*-7. Let u(l) = -l**3 + 5*l**2 + 9*l - 7. Suppose x - 5*k + 2 = 28, 0 = -3*k - 12. Calculate the remainder when u(p) is divided by x.
5
Let f(a) = 5*a**2 + a + 2. Let j be f(-2). Suppose -5*k = 2*i - 30, -i + j - 7 = 2*k. What is the remainder when k is divided by 3?
1
Suppose 0 = -5*o + 5, -6*x + 4*o = -x - 446. What is the remainder when x is divided by 7?
6
Suppose -5*i - 15 = 5*w - 2*w, -25 = -5*i + 5*w. Suppose k - 12 = -i. Suppose c - n - 223 = -4*c, 2*n = 2*c - 86. What is the remainder when c is divided by k?
9
Let h be (-2)/(-2 + (-9)/(-6)). Suppose h*o - 58 = 22. Calculate the remainder when o is divided by 11.
9
Suppose 10*d - 5*d = 35. Let b = d + 9. Let l = b - 1. Calculate the remainder when 44 is divided by l.
14
Let c(q) = q**2 + 3*q. What is the remainder when (-31 + 1 + -3)/(-3) is divided by c(-4)?
3
Let b be 1*(-2)/4*0. Suppose -3*i - 5*v + 70 = 0, 3*i + i - 5*v - 140 = b. Calculate the remainder when i is divided by 8.
6
Suppose -5*n + 201 = v, 0*v = 4*v - 4. What is the remainder when 157 is divided by n?
37
Let f(p) = 9*p**2 + 3*p + 3. What is the remainder when f(3) is divided by 32?
29
Let d be (-50)/(-18) - (-2)/9. Suppose 3*g - d = 6. Suppose -g*w + 12 = -15. What is the remainder when w is divided by 5?
4
Let o be ((-27)/15)/(6/(-20)). Suppose 5*m = o*m - 7. What is the remainder when 25 is divided by m?
4
Let n = -12 - -30. What is the remainder when 34 is divided by n?
16
Let n(q) = -q**3 + 6*q**2 - 4*q - 5. What is the remainder when (2/2)/(1/21) is divided by n(4)?
10
Let g = -1 - -11. Suppose 4*z - 24 = -0. Calculate the remainder when g is divided by (-1)/2 + 27/z.
2
Let d(f) = -8*f - 1. What is the remainder when 26 is divided by d(-1)?
5
Suppose -k + 1 = -2. Suppose 0 = -2*a + a + 3*v + 13, 5*a = 5*v + 45. What is the remainder when a is divided by k?
1
Suppose h - 2 - 31 = 0. Suppose -4*k + 75 = 5*t, -68 + 20 = -4*k + 4*t. Calculate the remainder when k is divided by 90/11 + (-6)/h.
7
Let n = 65 - 58. What is the remainder when 29 is divided by n?
1
Let t = 5 - 0. Suppose -3*a + 66 = -0*a + 3*o, 0 = a + t*o - 10. Suppose 2*h = 2, -3*s - h + 36 = -4*h. Calculate the remainder when a is divided by s.
12
Let p be -1*2/(-5)*-10. Calculate the remainder when 43 is divided by ((-3)/p)/((-1)/(-20)).
13
Calculate the remainder when 1*2/(-4)*-26 is divided by 2.
1
Calculate the remainder when 15 is divided by (2 - 1)/((-5)/(-25)).
0
Let h(s) = s**2 - 6*s + 1. Let c be h(6). Let t be 3*c - 8/(-4). Suppose 4*n = -2*o + 20, -4 = 3*n + t*o - 26. What is the remainder when n is divided by 3?
1
Suppose 5*z + 3*u = -u + 371, 5*u - 162 = -2*z. Calculate the remainder when z is divided by 16.
7
Calculate the remainder when (-1)/(-2) + (-54)/(-4) is divided by ((-5)/(-15))/(3 + (-35)/12).
2
Let q = -5 - -10. Suppose q*x + 19 = 154. Calculate the remainder when x is divided by 7.
6
Suppose 3*o = -5*x + x + 95, -4*x + 45 = o. What is the remainder when (-1)/(-2 + o/13) is divided by (80/(-15))/8 + (-17)/(-3)?
3
Let i be (-29 - (-1 + 0))*1. Let m = i + 77. Suppose -9*a + 12 = -12*a, 59 = 3*q - 2*a. Calculate the remainder when m is divided by q.
15
Let r = -1 - -2. Let g = 1 + r. What is the remainder when g*(5/2 + 0) is divided by 3?
2
Suppose b + 3*b = 8. What is the remainder when b is divided by 1?
0
Suppose 2*n = 6, 2*f - n = -f + 267. Let s = 139 - f. What is the remainder when s is divided by 13?
10
What is the remainder when -2 + (-4 - -9) - -176 is divided by 45?
44
What is the remainder when 8*(25/(-5) - -18) is divided by 54?
50
Suppose 0 = 4*i - 31 + 3. Let w = -8 + 10. What is the remainder when 18/((-32)/(-12) - w) is divided by i?
6
Calculate the remainder when (-2)/8 - 345/(-20) is divided by 5.
2
Let s be -1*1*(2 + -7). Suppose z = -z. Suppose z = -2*h - 4, -v - 58 = -s*v + 3*h. Calculate the remainder when 24 is divided by v.
11
Let w = -571 - -591. Calculate the remainder when 4/(-14) - 830/(-14) is divided by w.
19
Let s(w) = w**2 + 3*w + 2. Let v be s(-5). Suppose 2*l = -3*i - 17, 5*i + 11 = -2*l - v. Let z = -2 - i. What is the remainder when z is divided by 1?
0
Calculate the remainder when 57 is divided by (-14)/77 + (-222)/(-11).
17
Suppose -3*r - 4*l = -8, 4*r - 6 = -4*l + 10. Calculate the remainder when 56 is divided by (6/9)/(r/228).
18
Suppose b = -2*b + 132. Calculate the remainder when b is divided by 12.
8
Suppose 1 - 9 = 2*x - 4*q, 4*x - 24 = -2*q. Suppose g - x*i = 14, 4*g + 13 = -5*i + 48. Calculate the remainder when g is divided by 4.
2
Let x be 2*(-1 + (-9)/6). Let g = -3 - x. Suppose 0 = -3*p, -3*o + 12 = -p - p. Calculate the remainder when o is divided by g.
0
What is the remainder when (-429)/(-4) - (-2)/(-8) is divided by 27?
26
Let x(a) = -3*a + 5*a - 5 - 2*a**2 + 2*a + 3*a. Let c be x(4). What is the remainder when 4 is divided by 3 + (c/3 - -3)?
1
Let v(x) = 2*x + 1. Let o be v(1). Suppose 9 = -o*n + 4*n. What is the remainder when n is divided by 3?
0
Calculate the remainder when (-1)/2*-78 + -4 is divided by 9.
8
Let x be 0 - (1 + (-9)/3). Let b = x + 1. Suppose 0 = -b*m + 7*m - 24. Calculate the remainder when 15 is divided by m.
3
Suppose -2*j + 6*j - 16 = 0. Let l = 3 - 4. Let w = l - -3. What is the remainder when j is divided by w?
0
Let h(m) = -m + 2. Let x be h(-5). Let d be (-247)/x + (-2)/(-7). Let i = d - -67. What is the remainder when i is divided by 17?
15
Suppose 5*z - 2 + 17 = 0, y - z = 6. Suppose 5*v - b = 4*b + 75, y*b = -15. Calculate the remainder when 39 is divided by v.
9
Suppose -3*t + 45 = -0*t. Let m = -16 - -20. Calculate the remainder when t is divided by m.
3
Suppose -3 - 1 = 2*z. Suppose -5*i + 2 = -3. Let u = i - z. Calculate the remainder when u is divided by 2.
1
Suppose 1 = 2*z - 3, -3*z = 5*m - 21. Let h = 61 + 35. Suppose -m*a = a - 4*l - h, -5*l + 114 = 4*a. What is the remainder when a is divided by 14?
12
Let s be -2*(3 + -2) - -22. Suppose -s = -4*x - 4*q, 2*x + 5*q + 56 = 6*x. What is the remainder when 25 is divided by x?
7
Let j(p) = 6*p + 8. What is the remainder when j(4) is divided by 17?
15
Let b(v) =